j - 108*j + 3*j**2 - 104*j. Determine x(t).
15
Let u(z) = 2*z + 44. Let h be u(-19). Let c(t) = -h*t - 7 - 3 + 23 - 5 - t**2. Suppose 0 = -2*f - 8, q - 4*f - 1 = 8. Give c(q).
1
Let x(d) be the second derivative of -d**4/8 + 5*d**3/6 - 35*d**2/2 + 2*d + 2. Let v(b) be the first derivative of x(b). Give v(5).
-10
Let d = 9548 + -9542. Let c(s) = -2*s**3 + 13*s**2 - 26. Calculate c(d).
10
Let l be (-8)/(-6) + (-60)/(-5) + (-657)/27. Let u(k) = k**2 - 22. Calculate u(l).
99
Let i(f) = f**2 + 16*f + 65. Let n be i(-10). Let m be n/((-20)/(-24)) + -1. Let u(p) = p**3 - 3*p**2 - 8*p + 4. Calculate u(m).
14
Let s(d) = 3*d**2 - 3*d + 6. Let z(y) be the second derivative of y**4/6 - y**3/3 + 3*y**2/2 + 161*y. Let f(o) = -3*s(o) + 5*z(o). What is f(-3)?
9
Suppose -3*x + 0*a + 17 = a, 4*x + 2*a = 24. Let u = x - 41. Let v = u - -31. Let y(o) = o**3 + 5*o**2 + o - 7. Determine y(v).
-12
Let t = -2865 - -2888. Let k(o) = 2*o - 67. Give k(t).
-21
Let c(t) = -2*t**2 - 8*t - 3. Let h(i) be the first derivative of 2*i**3/3 + 4*i**2 + 2*i - 30. Let a(v) = -4*c(v) - 3*h(v). Calculate a(-5).
16
Let w be (30/(-10))/1 + 1 + -6. Let m be w - -3*20/15. Let j(f) = -f**3 - 6*f**2 - 6*f - 1. Give j(m).
-9
Suppose 14*k - 80 = 9*k. Let w = 24 - k. Let d(h) = h**2 + h. Let z(a) = 3*a**2 + 12*a + 6. Let u(y) = 4*d(y) - z(y). Calculate u(w).
-6
Suppose 2*x + 2*v - 52 = 0, -4*x + 5*v = -3*x - 38. Let a(w) = x*w**2 - 9*w**2 + 2*w**2. What is a(1)?
21
Let w(f) = -10*f**2 - 20*f + 16. Let m(y) = -12*y**2 - 23*y + 18. Let h(v) = -6*m(v) + 7*w(v). Determine h(-4).
44
Let s(w) = 4*w - 3. Let d be s(-2). Let c = 9 + d. Let t(f) = 13*f**2 + 2*f + 1. Let r(x) = -9*x**2 - x. Let z(u) = 4*r(u) + 3*t(u). Give z(c).
11
Let l(m) = 413*m**2 - m**3 + 9*m + 391*m**2 - 130 - 790*m**2. Give l(14).
-4
Let u be ((-3)/((-18)/(-8)))/(304/(-456)). Let l(g) = 34 + g**u + 130*g - 25 - 140*g. Give l(7).
-12
Let b(l) = 11*l - 286. Let c(n) = -6*n + 134. Let g(o) = -3*b(o) - 7*c(o). Calculate g(10).
10
Let r(n) = 3*n + 8. Let q(w) = -w**2 + 16*w - 2. Let d be q(10). Let x = d + -65. What is r(x)?
-13
Let c(q) be the third derivative of -q**7/2520 - q**6/90 - 3*q**5/40 + 31*q**4/12 + q**3/3 + 82*q**2. Let j(f) be the second derivative of c(f). Give j(-6).
3
Let u(p) be the third derivative of -9*p**2 + 0*p**3 - 1/12*p**4 + 0 + 0*p**5 + 1/720*p**6 + 0*p. Let q(c) be the second derivative of u(c). Determine q(-4).
-4
Let l be -5 + (5 - 7) - (9 + 5)*-1. Let r(f) = 22*f - 90. What is r(l)?
64
Let w(p) = -12*p + 520. Let h be w(43). Let t(b) be the second derivative of b**6/120 + b**4/3 - 3*b. Let n(c) be the third derivative of t(c). Determine n(h).
24
Let u(z) be the second derivative of -2*z**3 + 201*z**2 + 10522*z. Determine u(34).
-6
Let w(n) = -56193*n**3 + 5*n + 28107*n**3 + 7 - 5*n - 4*n**2 + 28089*n**3. What is w(2)?
15
Let d(x) = 62*x**2 - 12*x - 36. Let h(g) = 11*g**2 - 2*g - 7. Let l(t) = -2*d(t) + 11*h(t). Determine l(2).
-13
Suppose 27*h + 19*h - 765 = 109. Let y(n) = 4*n + 24. Calculate y(h).
100
Let o(q) = -7*q**2 + 6*q + 18. Let n(s) = 13*s**2 - 11*s - 33. Let y(a) = 6*n(a) + 11*o(a). Suppose 4*h + 16 + 0 = 0. Calculate y(h).
16
Let s(f) = f**2 - 10*f - 35. Suppose -11*t = -1960 + 1817. What is s(t)?
4
Suppose -6 = 4*x - x. Let k(o) = 2*o**3 + 17*o**2 + 17*o + 5. Let w be k(-7). Let r(a) = 0*a + a**2 + w + a + 4*a - 12 - 18. Calculate r(x).
-3
Suppose 2*f - g - 447 = 0, 5*f + 2*g = -0*f + 1122. Let p(k) = f*k**3 + 2 - 9 - 3*k - 5*k**2 - 223*k**3. Calculate p(6).
11
Let a(k) be the first derivative of -13 + 3*k**2 + 222*k - 17 - 224*k. Determine a(1).
4
Let t(k) = -39*k + 4. Let b be t(-1). Suppose -b*v + 196 = -39*v. Let j = v - 45. Let d(i) = -i**3 + 5*i**2 - 4*i - 1. Give d(j).
-1
Let j(s) = 3*s - 17. Let h be (-2 - -9) + 3 - 4. Let x be j(h). Let l(k) = 7*k + 11*k**2 + 8*k**2 - x - 12*k**2 + 3 + k**3. Determine l(-6).
-4
Let i(r) be the third derivative of -r**8/6720 - r**7/630 + r**5/120 - 25*r**4/4 + 81*r**2 + 1. Let y(k) be the second derivative of i(k). What is y(-4)?
1
Let r(l) = -l - 1. Let x(j) = -j**2 + 20*j + 80. Let b be x(23). Suppose b*u + 13 = -108. Give r(u).
10
Suppose -121*b + 508*b + 178*b = 2825. Suppose -3*k = -0*k + t - 11, 3*k - 17 = 5*t. Let a(c) = -2*c**2 + k - 3 + 5 + 6*c. Determine a(b).
-14
Let l = 52 - 35. Let b(r) = -11 + l - r - 8. Let h(n) = -3*n - 32. Let t be h(-13). What is b(t)?
-9
Let f(a) = 17*a**3 + 26*a**2 - 2*a + 4. Let m(t) = 45*t**3 + 76*t**2 - 5*t + 12. Let c(l) = 8*f(l) - 3*m(l). Give c(20).
-24
Let y(a) = -427*a - 423. Let p be y(-1). Let h(o) = -o - 1. Let z(j) = -6*j - 1. Let n(i) = -4*h(i) + z(i). Calculate n(p).
-5
Let a(s) = -5*s - 5. Suppose 20*x = 26*x + 6. Let t be a(x). Let v(r) = -r + 32. Calculate v(t).
32
Let s(m) be the third derivative of -12*m + 0*m**4 + 1/6*m**3 + 0 - 1/120*m**6 - 5*m**2 + 2/15*m**5. Give s(8).
1
Let b = 1/22 + 4/33. Let i(r) be the third derivative of 1/3*r**3 + 0 - b*r**4 + 11*r**2 + 0*r. What is i(3)?
-10
Suppose -18*h - 308 = 10*h. Let i be h/9 + (-3 - 116/(-36)). Let q(x) = -2*x**2 + 2. Give q(i).
0
Let m(s) = -109*s + 210*s - 98*s + 66. Calculate m(-24).
-6
Suppose -10 = -2*u + 4*u, 0 = -3*z - 4*u - 29. Let v(c) = -14*c**2 - c + 1. Calculate v(z).
-122
Let p(w) = 72*w - 164. Let f(g) = -15*g. Let t(h) = 3*f(h) + p(h). What is t(6)?
-2
Let b(r) = 3963*r + 17 - 7925*r - 2 + 3961*r. Calculate b(8).
7
Let d = 238 + -225. Let w(y) = -149*y + 75*y + d + 72*y. Calculate w(4).
5
Let a(x) = x**2 + 3*x - 1. Let z be a(-3). Let i(s) = 3*s**2 + s - 3 - 6*s + 7*s**2 + 2*s - 3*s**2. Let d be i(z). Let r(q) = -q**2 + 6*q + 5. What is r(d)?
-2
Let g(y) = -14*y + 12. Let a be (15 - (2 + 3/3))/(-1 + -1). Give g(a).
96
Let t = -11361 + 11366. Let n(d) = -3*d**2 - 7*d + 4. Give n(t).
-106
Let s(n) = 13*n + 1. Let y(r) = -r**3 - 11*r**2 - 29*r + 14. Let x be y(-11). Let p = 330 - x. Give s(p).
-38
Suppose -6*d + d + 10 = 0. Suppose 0 = -6*y + d*y. Let r(w) = -19 + 10 + 12 - w + 5. Calculate r(y).
8
Suppose n - 12 = -5. Let m be 1 - (-4)/1*n/14. Suppose -4*k = -4*q - 24, -5*q - 6 = -2*k + m. Let f(a) = -a**3 + 6*a**2 + 7*a - 1. Give f(k).
-1
Let a(i) = 13*i**2 + 14*i + 6. Let o be a(-1). Let p(l) be the second derivative of 1/2*l**2 + 9*l - 2/3*l**3 + 0. Give p(o).
-19
Let d(j) be the first derivative of 2*j**2 - 35*j + 9501. Determine d(6).
-11
Suppose 1 = -s + 5. Let a(z) = -4*z**2 + s*z**3 + 7*z**2 - 11 - z**2 - 6*z**2. Let m(q) = q**3 - q - 1. Let r(n) = -a(n) + 5*m(n). Give r(-5).
6
Let j(l) = -23*l - 3. Let w(r) = 4*r - 2. Let u(y) = -j(y) - 6*w(y). Let q(g) = g - 10. Let f(b) = -3*q(b) - 2*u(b). Give f(3).
-3
Let w(u) be the first derivative of u**3/3 - 3*u**2/2 - 3*u + 5458. Let c = 4 - 1. What is w(c)?
-3
Suppose -3 = 4*o + 3*v, 8*v - 3*v + 5 = -o. Let r(p) = o*p - 8 + 1 + p + 2. Let k(g) = -25*g**2 + 22*g - 2. Let x be k(1). Give r(x).
-10
Let a be 48/(-40)*15/(-9). Let y(t) = t**a - 1 - 898*t + 1791*t - 890*t. Let u be 2/9 + 58/(-18). Give y(u).
-1
Let y(c) = -2*c**3 - 4*c**2 - c + 2. Let o(l) = l**3 + 7*l**2 - 11*l - 9. Let b be o(-9). Let x be 2/((-6)/(-9)) + b*1. Let m = -71 - x. What is y(m)?
4
Let w(s) = 2*s + 13. Let p(b) = 6 + 6 + 0 - 10. Let r(n) = -p(n) - w(n). Give r(-9).
3
Let x(l) = -l**2 - 26*l - 5. Let f(m) = 6*m**2 + 23*m + 6. Let s(w) = 5*f(w) + 4*x(w). Give s(-1).
25
Let o(a) = -3*a**2 + 41*a - 15. Let m(g) = 5*g**2 - 71*g + 31. Let t(d) = -4*m(d) - 7*o(d). Give t(6).
-1
Let t(d) = d**3 - 5*d**2 + 5*d + 2. Let r be t(3). Let s(a) = -5*a**2 - 2*a. Let z be s(1). Let q = r - z. Let v(b) = -b**3 + 5*b**2 + 6*b - 8. Give v(q).
-8
Suppose 2 = 3*i - 4*g, -15*g = -i - 12*g - 1. Let r(w) = -i*w - 34 + 13 + 29. Determine r(11).
-14
Let o(d) = d**3 + 7*d**2 - 6*d + 8. Let w be (1 - 1 - -1)/((-16)/(-112)). Let j be w + -2 + 0 + -13. Give o(j).
-8
Let b(c) be the first derivative of c**2/2 - c - 2. Let v be b(7). Let x(q) = 2276 - 4528 + 2260 + q. Determine x(v).
14
Let k(y) = -y**3 - 5*y**2 + 7*y + 8. Let q(g) = -10*g - 56. Let t = -34 - -29. Let v be q(t). Give k(v).
2
Let s(t) = -t - 6 + 8 + 4 - 2. Let k(c) = -c**3 + 30*c**2 + 1537*c + 107. Let l be k(57). Calculate s(l).
11
Let i(l) = l**3 - 3*l**2 - 3*l - 3. Let s be i(4). Let d(w) be the first derivative of -4*w**2 + 3*w - 64. Determine d(s).
-5
Let j(f)